t of f?
0
Suppose -5*h + 135 = -35. What is the units digit of h?
4
What is the tens digit of (-3 + 265)*-3*2/(-12)?
3
Let c(h) be the second derivative of -h**3 - h**2/2 + 2*h. Let a be (6/9)/(4/(-6)). What is the units digit of c(a)?
5
Suppose -211 = 3*z - 8*z - 3*n, n + 39 = z. Suppose z = f - 4. Suppose 0*c + 5*c = f. What is the units digit of c?
9
What is the hundreds digit of (-8)/(-8) + (1 - -122)?
1
Suppose 2*f + 4*j = 10, -j - 2 = -6*f + 2*f. What is the units digit of f?
1
Let y(o) = o - 7. Let f(w) = 3*w - 14. Let t(m) = 2*f(m) - 5*y(m). What is the units digit of t(-5)?
2
Let q(w) = w**3 + 7*w**2 - 9*w - 8. Let o be q(-8). Let p = o + 2. Suppose m - 3*l + 9 = 0, 0 = -4*m - p*l - 4 + 24. What is the units digit of m?
3
Let u(g) = g**3 + 19*g**2 - 6*g - 4. Let p(v) = -2*v**3 - 39*v**2 + 13*v + 8. Let s(d) = -6*p(d) - 13*u(d). What is the units digit of s(-13)?
4
Let a = 706 + -494. What is the tens digit of a?
1
Suppose 4*v - 108 + 8 = 0. What is the units digit of v?
5
Let r be (-2)/(2 + -6)*-44. Let n = r - -48. What is the tens digit of n?
2
Suppose -45 - 63 = -6*d. Let q = -18 - -30. Let j = d - q. What is the units digit of j?
6
Let a = 355 + -248. Suppose -a = -3*d + 13. Suppose -2*w + 7*w = d. What is the units digit of w?
8
Let d = 11 - 18. Let g = d - -26. What is the units digit of g?
9
Let n(c) = c**2 + c + 16. Let j be (-1 - -3 - 2)*-1. What is the tens digit of n(j)?
1
Let q(o) be the first derivative of -o**2/2 + 10*o + 2. Let s = 6 - -3. What is the units digit of q(s)?
1
Let r = -86 + -50. What is the tens digit of (-4)/(-14) + r/(-14)?
1
Suppose 0 = -0*l - l - 4. Let k(o) = o - 1. Let i(d) = 2*d - 2. Let z(v) = -6*i(v) + 11*k(v). What is the units digit of z(l)?
5
Suppose -7*j = -3*j - 640. Suppose 3*i - 79 = -m - m, 0 = -4*m - 4*i + j. What is the units digit of m?
1
Let k = -21 - -1. What is the tens digit of k*((-63)/(-6))/(-7)?
3
Let f(p) be the first derivative of -3 - 1/3*p**3 + 3*p + 4*p**2. What is the units digit of f(6)?
5
Let b = 1 + -1. Suppose -2*u = -b*u - 6. Suppose -u*s = -s - 8. What is the units digit of s?
4
Let v be (-2 - 4)*3/2. Suppose -3*y + 104 + 85 = 0. What is the tens digit of (-146)/v - 14/y?
1
Let o(z) = -z**2 + 8*z - 3. Let k(d) = 8*d - d**2 + d - 3 - 2*d. Let b be k(5). What is the units digit of o(b)?
4
Let v(c) = -c**3 - 7*c**2 - c - 7. Let t be v(-7). Suppose t - 3 = n. Let s = n - -6. What is the units digit of s?
3
Suppose w + w = 0. Let d be (w/(1 - -2))/2. Suppose d = g - 17 + 3. What is the units digit of g?
4
Suppose c = -0*c + 3. Suppose -x + 21 = c. Suppose -2*m + 2*y + x = 0, 2*m - 24 = 3*y - 1. What is the units digit of m?
4
Suppose 4*c + 45 = 3*q, -3*c - 14 = -q + 1. What is the units digit of q?
5
Let c = 94 - 71. What is the tens digit of c?
2
Let k = -2 - -4. Suppose -2*n - 3*j - 24 = -6*n, k*n = -4*j - 10. What is the units digit of n?
3
Let f(c) = -5*c**3 - 26*c**2 - 9*c - 15. Let q(y) = -y**3 - 5*y**2 - 2*y - 3. Let k(r) = -2*f(r) + 11*q(r). What is the units digit of k(-3)?
9
Suppose -40 = -3*s - 2*w + 4, s - 10 = 4*w. Let z = s + -9. Suppose y - z = 6. What is the tens digit of y?
1
Suppose 3*c - 89 - 55 = 0. What is the tens digit of c?
4
Let t(r) = 44*r**3 + 3*r**2 - 3*r + 1. What is the tens digit of t(1)?
4
Let f be (-6)/(-5)*(-20)/(-8). Suppose -f*y + 2*y + 28 = 0. What is the units digit of y/6 - (-6)/(-9)?
4
Suppose 4*z = 2*z + 14. What is the units digit of z?
7
Suppose 0 = -l + 3. Suppose l*g - 30 = g. What is the tens digit of g?
1
Let i = 399 - 279. What is the units digit of i/(-5)*(-1)/3?
8
Suppose i - 2 + 4 = 0. What is the units digit of (4 - 3 - -2) + i?
1
Let o be (49 - -9)*1/(-2). Let t be (-2)/((-56)/(-26) - 2). Let j = t - o. What is the units digit of j?
6
Let n(l) = l**3 + l + 8. Let k = -4 - -4. What is the units digit of n(k)?
8
Let n(q) = 3*q - 6. Let k be n(4). Suppose f = 3*f - k. What is the units digit of f?
3
Suppose -l = 3*i - 12, -2*i = -l - l + 64. What is the units digit of l?
7
Let k be 1/3 - (-2)/3. Let c = -1 - k. What is the units digit of c/(2/(-13)) + 0?
3
Suppose 4*c = c + 6. Let o(t) = 10*t + 1. What is the tens digit of o(c)?
2
Suppose -5*q - 4*s = 53, 6 = -4*q - s - 43. Let b = -5 - q. Suppose -3*i - v = -b, 3 = i + 4*v - 7. What is the units digit of i?
2
Let h(y) be the first derivative of 2*y**2 + 2*y + 3. What is the tens digit of h(6)?
2
Let l(t) be the first derivative of t**3 - 3*t**2 - 15*t + 1. Let o(n) = n**2 - 2*n - 5. Let x(r) = 4*l(r) - 11*o(r). What is the units digit of x(5)?
0
Let u be (-4)/(-2) - 5/(-5). Let h(w) = -w**2 - w + 2. Let j be h(4). What is the units digit of (-22)/(-12) - u/j?
2
Let g be (-22)/(-4) - 3/6. Suppose l + 18 = g*y, y - 26 = -4*y - 3*l. Suppose y*i - 1 - 3 = 0. What is the units digit of i?
1
Let p = -12 - -6. What is the tens digit of ((-132)/(-18))/((-4)/p)?
1
Let d = 55 + 24. What is the units digit of d?
9
Let q(n) = -n**3 + 4*n**2 - 2*n - 1. Let s be q(3). Suppose g + s*g = 0. Suppose -v + 2*x + 13 = -g, 4*x = 5*v - 89. What is the tens digit of v?
2
What is the hundreds digit of (-48)/(-60) + (-1822)/(-10)?
1
Let w(u) = -u**3 + 4*u**2 - 2*u. Let a be w(3). Suppose -a*h - 5 - 1 = 0, -5*h = i + 2. What is the units digit of i?
8
What is the units digit of (15/2)/(3/(-90)*-3)?
5
Let f = 18 - -29. Let a = f - 30. Suppose -3*y - 2 + a = 0. What is the units digit of y?
5
Let c(t) = t**3 + 9*t**2 + 7*t - 11. Let s be c(-8). Let r = s - -5. Suppose 7*u - r*u - 25 = 0. What is the units digit of u?
5
Suppose -k + 5*y + 3 = 0, -4*k + 22 = 3*y - 13. What is the units digit of k?
8
Suppose -4*p + 0*p = -120. Let l = p - 17. What is the tens digit of l?
1
Suppose 0 = -3*j - 2*r + 11 + 8, -j + 2*r = 7. What is the units digit of j?
3
Let x(f) = -f - 1. Let i be x(-11). Suppose -i - 11 = -p. What is the tens digit of p?
2
Let d = -19 + 47. Suppose 3*i + d = 4*i. What is the tens digit of i?
2
Let r be (-6 + 0)*(-2)/6. Suppose -5*t + 5*w = -80, -r*t + 0*w + 35 = -3*w. What is the tens digit of t?
1
Let u(g) = -20*g + 3. What is the units digit of u(-2)?
3
Let s = -1 + 3. Suppose 2*c + d + s*d - 11 = 0, -d = -3. What is the units digit of c?
1
Suppose 4 = -2*w, -3*d + w = -4*d + 45. What is the tens digit of d?
4
Let i(l) be the third derivative of l**6/120 + l**5/12 + l**4/6 + 2*l**2. Let c be i(-4). Let v = c + 1. What is the units digit of v?
1
Let g be (1 + 7)*4/8. Suppose -t + g = 2*a, 4*t = -12 + 4. Suppose d - a*r = -2, 2*d - 2*r = 2*r + 2. What is the units digit of d?
7
Suppose 3*w + 3*b - 4*b - 8 = 0, 3*w + 2*b = 2. Suppose q + 9 = 2*a, 0 = 2*a + w*a - 20. What is the units digit of q?
1
Let q(u) = -u + 7. Let k be q(7). Suppose 2 = 3*i + 8. Let j = k - i. What is the units digit of j?
2
Let f be (-3)/1 + 1*-3. What is the units digit of 2/f - 10/(-3)?
3
Suppose -2*t - 5*j + 9 + 1 = 0, -3*j = 0. Suppose o - 2*y - 13 = -y, t = -y. Suppose 5*b - o - 62 = 0. What is the tens digit of b?
1
Let i(p) = -p**2 - 7*p - 2. Let u(b) = -b**2 - 6*b + 2. Let a be u(-7). What is the units digit of i(a)?
8
Let m be (-2)/((-4)/6)*1. Suppose -m*c - 2*k + 27 = 2*c, 0 = -5*k + 5. Suppose 0 = 2*t - 3*x - 27 + c, 2*t - 26 = 4*x. What is the units digit of t?
5
Suppose -5*c + 2 = -8. Suppose c*m - 70 = -5*p, 3*p - m + 29 = 5*p. What is the tens digit of p?
1
Let n(f) = 4*f**2 + 9*f + 8. What is the tens digit of n(-6)?
9
Let c(f) = 3*f + 1. Suppose -3*w - 5 + 38 = 0. Let d be c(w). Suppose d - 7 = 3*n. What is the units digit of n?
9
What is the units digit of (-4)/6 - (-58)/6?
9
Suppose 3*p = -0 + 21. Let n = p + -3. Suppose -2*f = -10 - n. What is the units digit of f?
7
Suppose 4*m - 5*u = 15, -60 = m - 6*m - 2*u. Suppose m*o + 33 = 13*o. What is the units digit of o?
1
Suppose -2*j + 7 = -g, 0 = -4*g - j - 0*j - 46. Let u = g - -26. What is the tens digit of u?
1
Let n = 153 - 71. Suppose -4*y + n = -26. What is the tens digit of y?
2
Suppose -10 = 3*o + g - 47, -5*o + 3*g + 57 = 0. Suppose -f + 41 = o. What is the tens digit of f?
2
Suppose 4*m - 152 = 4*j, -m + 26 = 3*j + 2*j. What is the units digit of m?
6
Suppose 0 = 14*o + 334 - 2266. What is the units digit of o?
8
Suppose -3*d + 3*u = -555, -d + 0*d + 4*u + 194 = 0. What is the units digit of d?
2
Suppose -v - 32 = 4*i, 0*i - 1 = i + 2